{"id":1934,"date":"2025-03-10T21:00:56","date_gmt":"2025-03-10T21:00:56","guid":{"rendered":"https:\/\/emotionalwellnessexpo.com\/web\/?post_type=equipo&#038;p=1934"},"modified":"2025-06-10T03:23:54","modified_gmt":"2025-06-10T03:23:54","slug":"jorge-quiroz","status":"publish","type":"equipo","link":"https:\/\/emotionalwellnessexpo.com\/web\/equipo\/jorge-quiroz\/","title":{"rendered":"Jorge Quiroz"},"content":{"rendered":"\n<p>Un profesional con tres d\u00e9cadas de experiencia en ventas y mercadeo, ha establecido un enfoque estrat\u00e9gico y aut\u00e9ntico que ha marcado la diferencia en los sectores de salud, bienestar, fitness y el deporte.<\/p>\n\n\n\n<p>Con una visi\u00f3n innovadora, ha redefinido la manera en que las marcas se comunican y se posicionan en un mercado en constante cambio. Su trayectoria en eventos, marketing digital, desarrollo de estrategias de patrocinio y BTL le permite crear conexiones reales, aut\u00e9nticas y duraderas.<\/p>\n\n\n\n<p>Jorge, cofundador de <em>ExpoFitness Colombia<\/em>, desarroll\u00f3 esta plataforma como parte de su compromiso para concientizar a las personas sobre la importancia de un estilo de vida saludable, destacando la actividad f\u00edsica y el deporte como parte de la salud integral.<\/p>\n\n\n\n<p>Cada a\u00f1o, este encuentro re\u00fane a miles de profesionales, marcas, deportistas y aficionados al bienestar en la ciudad de Medell\u00edn, Colombia, un espacio donde se comparte conocimiento, innovaci\u00f3n y pasi\u00f3n por un estilo de vida en equilibrio y plenitud.&nbsp;<\/p>\n\n\n\n<p>Su visi\u00f3n y experiencia, se ha convertido en un referente para apoyar el desarrollo de las m\u00faltiples industrias, impulsando el crecimiento de la salud, deporte y bienestar en Am\u00e9rica Latina.<\/p>\n\n\n\n<p>Gracias a su trayectoria, impulsa el desarrollo estrat\u00e9gico de Emotional Wellness Expo, integrando prop\u00f3sito, identidad y comunidad de manera s\u00f3lida y efectiva.<\/p>\n","protected":false},"featured_media":1935,"template":"","class_list":["post-1934","equipo","type-equipo","status-publish","has-post-thumbnail","hentry"],"_links":{"self":[{"href":"https:\/\/emotionalwellnessexpo.com\/web\/wp-json\/wp\/v2\/equipo\/1934","targetHints":{"allow":["GET"]}}],"collection":[{"href":"https:\/\/emotionalwellnessexpo.com\/web\/wp-json\/wp\/v2\/equipo"}],"about":[{"href":"https:\/\/emotionalwellnessexpo.com\/web\/wp-json\/wp\/v2\/types\/equipo"}],"wp:featuredmedia":[{"embeddable":true,"href":"https:\/\/emotionalwellnessexpo.com\/web\/wp-json\/wp\/v2\/media\/1935"}],"wp:attachment":[{"href":"https:\/\/emotionalwellnessexpo.com\/web\/wp-json\/wp\/v2\/media?parent=1934"}],"curies":[{"name":"wp","href":"https:\/\/api.w.org\/{rel}","templated":true}]}}

<p>Un profesional con tres décadas de experiencia en ventas y mercadeo, ha establecido un enfoque estratégico y auténtico que ha marcado la diferencia en los sectores de salud, bienestar, fitness y el deporte.</p>



<p>Con una visión innovadora, ha redefinido la manera en que las marcas se comunican y se posicionan en un mercado en constante cambio. Su trayectoria en eventos, marketing digital, desarrollo de estrategias de patrocinio y BTL le permite crear conexiones reales, auténticas y duraderas.</p>



<p>Jorge, cofundador de <em>ExpoFitness Colombia</em>, desarrolló esta plataforma como parte de su compromiso para concientizar a las personas sobre la importancia de un estilo de vida saludable, destacando la actividad física y el deporte como parte de la salud integral.</p>



<p>Cada año, este encuentro reúne a miles de profesionales, marcas, deportistas y aficionados al bienestar en la ciudad de Medellín, Colombia, un espacio donde se comparte conocimiento, innovación y pasión por un estilo de vida en equilibrio y plenitud.&nbsp;</p>



<p>Su visión y experiencia, se ha convertido en un referente para apoyar el desarrollo de las múltiples industrias, impulsando el crecimiento de la salud, deporte y bienestar en América Latina.</p>



<p>Gracias a su trayectoria, impulsa el desarrollo estratégico de Emotional Wellness Expo, integrando propósito, identidad y comunidad de manera sólida y efectiva.</p>
