{"id":848,"date":"2025-03-12T23:09:39","date_gmt":"2025-03-12T23:09:39","guid":{"rendered":"https:\/\/emotionalwellnessexpo.com\/web\/?post_type=equipo&#038;p=848"},"modified":"2025-06-10T03:23:30","modified_gmt":"2025-06-10T03:23:30","slug":"carlos-mesber","status":"publish","type":"equipo","link":"https:\/\/emotionalwellnessexpo.com\/web\/equipo\/carlos-mesber\/","title":{"rendered":"Carlos Mesber"},"content":{"rendered":"\n<p>Con una destacada trayectoria en la industria del entretenimiento, comprendi\u00f3 que la conexi\u00f3n m\u00e1s valiosa no es la que ocurre frente a una c\u00e1mara, sino la que surge cuando una persona reconoce sus limitaciones y las convierte en infinitas posibilidades.&nbsp;<\/p>\n\n\n\n<p>Desde muy joven enfrent\u00f3 la falta de autoestima, pero en lugar de permitir que esa herida determinara su destino, decidi\u00f3 explorar su origen, sanar y convertir su proceso en inspiraci\u00f3n para quienes atraviesan desaf\u00edos similares.<\/p>\n\n\n\n<p>As\u00ed naci\u00f3 su fundaci\u00f3n \u201cYo Vivo en el Amor\u201d, una iniciativa que se enfoca en brindar herramientas para fortalecer la seguridad, confianza y el amor propio, especialmente en ni\u00f1os y j\u00f3venes.&nbsp;<\/p>\n\n\n\n<p>Para Carlos, el amor propio no es un concepto abstracto, sino una pr\u00e1ctica constante que define la forma en que nos relacionamos con el mundo.<\/p>\n\n\n\n<p>A trav\u00e9s de talleres, conferencias, podcasts y plataformas digitales, comparte una visi\u00f3n aut\u00e9ntica y aterrizada del crecimiento personal, basada en la acci\u00f3n y la coherencia.<\/p>\n","protected":false},"featured_media":3892,"template":"","class_list":["post-848","equipo","type-equipo","status-publish","has-post-thumbnail","hentry"],"_links":{"self":[{"href":"https:\/\/emotionalwellnessexpo.com\/web\/wp-json\/wp\/v2\/equipo\/848","targetHints":{"allow":["GET"]}}],"collection":[{"href":"https:\/\/emotionalwellnessexpo.com\/web\/wp-json\/wp\/v2\/equipo"}],"about":[{"href":"https:\/\/emotionalwellnessexpo.com\/web\/wp-json\/wp\/v2\/types\/equipo"}],"wp:featuredmedia":[{"embeddable":true,"href":"https:\/\/emotionalwellnessexpo.com\/web\/wp-json\/wp\/v2\/media\/3892"}],"wp:attachment":[{"href":"https:\/\/emotionalwellnessexpo.com\/web\/wp-json\/wp\/v2\/media?parent=848"}],"curies":[{"name":"wp","href":"https:\/\/api.w.org\/{rel}","templated":true}]}}

<p>Con una destacada trayectoria en la industria del entretenimiento, comprendió que la conexión más valiosa no es la que ocurre frente a una cámara, sino la que surge cuando una persona reconoce sus limitaciones y las convierte en infinitas posibilidades.&nbsp;</p>



<p>Desde muy joven enfrentó la falta de autoestima, pero en lugar de permitir que esa herida determinara su destino, decidió explorar su origen, sanar y convertir su proceso en inspiración para quienes atraviesan desafíos similares.</p>



<p>Así nació su fundación “Yo Vivo en el Amor”, una iniciativa que se enfoca en brindar herramientas para fortalecer la seguridad, confianza y el amor propio, especialmente en niños y jóvenes.&nbsp;</p>



<p>Para Carlos, el amor propio no es un concepto abstracto, sino una práctica constante que define la forma en que nos relacionamos con el mundo.</p>



<p>A través de talleres, conferencias, podcasts y plataformas digitales, comparte una visión auténtica y aterrizada del crecimiento personal, basada en la acción y la coherencia.</p>
